ded by 34?
30
Calculate the remainder when 85 is divided by 40.
5
What is the remainder when 1448 is divided by 58?
56
What is the remainder when 2057 is divided by 292?
13
What is the remainder when 142 is divided by 16?
14
What is the remainder when 1300 is divided by 21?
19
Calculate the remainder when 192 is divided by 66.
60
What is the remainder when 74 is divided by 27?
20
What is the remainder when 70 is divided by 35?
0
What is the remainder when 1673 is divided by 112?
105
What is the remainder when 34 is divided by 7?
6
What is the remainder when 535 is divided by 60?
55
What is the remainder when 82 is divided by 79?
3
What is the remainder when 242 is divided by 22?
0
Calculate the remainder when 7197 is divided by 16.
13
Calculate the remainder when 647 is divided by 640.
7
Calculate the remainder when 23932 is divided by 13.
12
What is the remainder when 655 is divided by 44?
39
Calculate the remainder when 644 is divided by 67.
41
What is the remainder when 2971 is divided by 62?
57
What is the remainder when 182 is divided by 19?
11
Calculate the remainder when 1584 is divided by 13.
11
What is the remainder when 1072 is divided by 6?
4
Calculate the remainder when 259 is divided by 54.
43
Calculate the remainder when 473 is divided by 17.
14
What is the remainder when 177 is divided by 18?
15
Calculate the remainder when 12448 is divided by 75.
73
What is the remainder when 195 is divided by 49?
48
What is the remainder when 417 is divided by 15?
12
What is the remainder when 239 is divided by 42?
29
Calculate the remainder when 149 is divided by 72.
5
Calculate the remainder when 9356 is divided by 12.
8
Calculate the remainder when 155 is divided by 37.
7
Calculate the remainder when 485 is divided by 193.
99
What is the remainder when 3306 is divided by 46?
40
Calculate the remainder when 69686 is divided by 62.
60
What is the remainder when 1821 is divided by 114?
111
What is the remainder when 404 is divided by 21?
5
What is the remainder when 6165 is divided by 324?
9
What is the remainder when 1004 is divided by 330?
14
What is the remainder when 2253 is divided by 46?
45
What is the remainder when 140 is divided by 18?
14
What is the remainder when 60 is divided by 33?
27
Calculate the remainder when 4874 is divided by 25.
24
Calculate the remainder when 17020 is divided by 152.
148
What is the remainder when 727 is divided by 10?
7
What is the remainder when 888 is divided by 303?
282
Calculate the remainder when 241 is divided by 23.
11
Calculate the remainder when 1085 is divided by 17.
14
Calculate the remainder when 4 is divided by 2.
0
What is the remainder when 241 is divided by 63?
52
Calculate the remainder when 100 is divided by 41.
18
Calculate the remainder when 96 is divided by 9.
6
Calculate the remainder when 76 is divided by 10.
6
What is the remainder when 3428 is divided by 1126?
50
Calculate the remainder when 274 is divided by 16.
2
Calculate the remainder when 526 is divided by 257.
12
What is the remainder when 31101 is divided by 48?
45
Calculate the remainder when 177 is divided by 141.
36
What is the remainder when 729 is divided by 12?
9
What is the remainder when 3933 is divided by 16?
13
Calculate the remainder when 68 is divided by 22.
2
Calculate the remainder when 730 is divided by 108.
82
Calculate the remainder when 98 is divided by 69.
29
Calculate the remainder when 466 is divided by 64.
18
Calculate the remainder when 473 is divided by 53.
49
What is the remainder when 594 is divided by 17?
16
Calculate the remainder when 402 is divided by 29.
25
What is the remainder when 127 is divided by 43?
41
What is the remainder when 696 is divided by 27?
21
Calculate the remainder when 1120 is divided by 126.
112
What is the remainder when 589 is divided by 195?
4
Calculate the remainder when 76 is divided by 8.
4
What is the remainder when 21 is divided by 12?
9
What is the remainder when 4426 is divided by 30?
16
Calculate the remainder when 2482 is divided by 108.
106
What is the remainder when 6583 is divided by 34?
21
What is the remainder when 209 is divided by 7?
6
Calculate the remainder when 438 is divided by 30.
18
Calculate the remainder when 2949 is divided by 737.
1
What is the remainder when 930 is divided by 26?
20
Calculate the remainder when 1045 is divided by 75.
70
Calculate the remainder when 130 is divided by 31.
6
Calculate the remainder when 5637 is divided by 17.
10
What is the remainder when 1602 is divided by 12?
6
What is the remainder when 437 is divided by 55?
52
What is the remainder when 4992 is divided by 1244?
16
What is the remainder when 76 is divided by 6?
4
What is the remainder when 237 is divided by 33?
6
What is the remainder when 7093 is divided by 43?
41
Calculate the remainder when 2728 is divided by 182.
180
What is the remainder when 355 is divided by 169?
17
Calculate the remainder when 405 is divided by 58.
57
Calculate the remainder when 1464 is divided by 7.
1
What is the remainder when 467 is divided by 5?
2
What is the remainder when 128 is divided by 13?
11
Calculate the remainder when 1208 is divided by 121.
119
What is the remainder when 173 is divided by 29?
28
What is the remainder when 47 is divided by 7?
5
What is the remainder when 1151 is divided by 16?
15
Calculate the remainder when 124 is divided by 13.
7
What is the remainder when 658 is divided by 216?
10
Calculate the remainder when 1304 is divided by 11.
6
What is the remainder when 76 is divided by 54?
22
Calculate the remainder when 118 is divided by 116.
2
What is the remainder when 1775 is divided by 138?
119
Calculate the remainder when 233 is divided by 10.
3
Calculate the remainder when 110 is divided by 49.
12
What is the remainder when 36 is divided by 32?
4
What is the remainder when 106 is divided by 13?
2
Calculate the remainder when 221 is divided by 95.
31
Calculate the remainder when 339 is divided by 161.
17
Calculate the remainder when 10328 is divided by 42.
38
What is the remainder when 67 is divided by 19?
10
What is the remainder when 154 is divided by 13?
11
Calculate the remainder when 598 is divided by 30.
28
Calculate the remainder when 11872 is divided by 5934.
4
What is the remainder when 86 is divided by 29?
28
Calculate the remainder when 221 is divided by 78.
65
Calculate the remainder when 57 is divided by 43.
14
What is the remainder when 635 is divided by 7?
5
Calculate the remainder when 79 is divided by 23.
10
Calculate the remainder when 1239 is divided by 9.
6
Calculate the remainder when 418 is divided by 26.
2
What is the remainder when 724 is divided by 7?
3
Calculate the remainder when 289 is divided by 47.
7
Calculate the remainder when 480 is divided by 35.
25
What is the remainder when 173 is divided by 9?
2
Calculate the remainder when 883 is divided by 26.
25
Calculate the remainder when 553 is divided by 37.
35
Calculate the remainder when 189 is divided by 18.
9
Calculate the remainder when 324 is divided by 15.
9
Calculate the remainder when 105 is divided by 1.
0
What is the remainder when 31 is divided by 25?
6
Calculate the remainder when 168 is divided by 67.
34
What is the remainder when 490 is divided by 13?
9
Calculate the remainder when 245 is divided by 18.
11
Calculate the remainder when 275 is divided by 271.
4
What is the remainder when 553 is divided by 176?
25
Calculate the remainder when 613 is divided by 22.
19
Calculate the remainder when 451 is divided by 413.
38
Calculate the remainder when 16 is divided by 10.
6
What is the remainder when 271 is divided by 1?
0
Calculate the remainder when 648 is divided by 17.
2
What is the remainder when 495 is divided by 50?
45
What is the remainder when 165 is divided by 54?
3
What is the remainder when 485 is divided by 129?
98
Calculate the remainder when 2334 is divided by 41.
38
What is the remainder when 862 is divided by 215?
2
What is the remainder when 89 is divided by 4?
1
What is the remainder when 142 is divided by 128?
14
What is the remainder when 212 is divided by 79?
54
What is the remainder when 337 is divided by 5?
2
What is the remainder when 2315 is divided by 575?
15
Calculate the remainder when 46 is divided by 34.
12
What is the remainder when 